{"id":68,"date":"2026-04-05T11:10:56","date_gmt":"2026-04-05T09:10:56","guid":{"rendered":"https:\/\/sos-multiservices-vs.fr\/?page_id=68"},"modified":"2026-04-05T14:51:16","modified_gmt":"2026-04-05T12:51:16","slug":"depannage-a-distance","status":"publish","type":"page","link":"https:\/\/sos-multiservices-vs.fr\/index.php\/depannage-a-distance\/","title":{"rendered":"D\u00e9pannage \u00e0 distance"},"content":{"rendered":"<style>.kb-row-layout-id68_8a8145-8e > .kt-row-column-wrap{align-content:start;}:where(.kb-row-layout-id68_8a8145-8e > .kt-row-column-wrap) > .wp-block-kadence-column{justify-content:start;}.kb-row-layout-id68_8a8145-8e > .kt-row-column-wrap{column-gap:var(--global-kb-gap-md, 2rem);row-gap:var(--global-kb-gap-md, 2rem);padding-top:var(--global-kb-spacing-sm, 1.5rem);padding-bottom:var(--global-kb-spacing-sm, 1.5rem);grid-template-columns:repeat(2, minmax(0, 1fr));}.kb-row-layout-id68_8a8145-8e > .kt-row-layout-overlay{opacity:0.30;}@media all and (max-width: 1024px){.kb-row-layout-id68_8a8145-8e > .kt-row-column-wrap{grid-template-columns:repeat(2, minmax(0, 1fr));}}@media all and (max-width: 767px){.kb-row-layout-id68_8a8145-8e > .kt-row-column-wrap{grid-template-columns:minmax(0, 1fr);}}<\/style><div class=\"kb-row-layout-wrap kb-row-layout-id68_8a8145-8e alignnone wp-block-kadence-rowlayout\"><div class=\"kt-row-column-wrap kt-has-2-columns kt-row-layout-equal kt-tab-layout-inherit kt-mobile-layout-row kt-row-valign-top\">\n<style>.kadence-column68_721454-26 > .kt-inside-inner-col,.kadence-column68_721454-26 > .kt-inside-inner-col:before{border-top-left-radius:0px;border-top-right-radius:0px;border-bottom-right-radius:0px;border-bottom-left-radius:0px;}.kadence-column68_721454-26 > .kt-inside-inner-col{column-gap:var(--global-kb-gap-sm, 1rem);}.kadence-column68_721454-26 > .kt-inside-inner-col{flex-direction:column;}.kadence-column68_721454-26 > .kt-inside-inner-col > .aligncenter{width:100%;}.kadence-column68_721454-26 > .kt-inside-inner-col:before{opacity:0.3;}.kadence-column68_721454-26{position:relative;}@media all and (max-width: 1024px){.kadence-column68_721454-26 > .kt-inside-inner-col{flex-direction:column;justify-content:center;}}@media all and (max-width: 767px){.kadence-column68_721454-26 > .kt-inside-inner-col{flex-direction:column;justify-content:center;}}<\/style>\n<div class=\"wp-block-kadence-column kadence-column68_721454-26\"><div class=\"kt-inside-inner-col\">\n<p>D\u00e9pannage par t\u00e9l\u00e9phone, visio et assistance \u00e0 distance<\/p>\n\n\n\n<h1 class=\"wp-block-heading\"><strong>Un probl\u00e8me technique ?<\/strong><br><strong>On commence par un vrai diagnostic \u00e0 distance.<\/strong><\/h1>\n\n\n\n<p><br>D\u00e9posez votre demande, je vous recontacte, puis nous faisons le point par t\u00e9l\u00e9phone ou en visio pour tenter une r\u00e9solution rapide, sans d\u00e9placement inutile.<\/p>\n\n\n\n<p><strong>Diagnostic clair avant d\u2019engager des frais<\/strong><\/p>\n\n\n\n<p>Accompagnement humain, pas de jargon inutile<\/p>\n<\/div><\/div>\n\n\n<style>.kadence-column68_bf85a6-0b > .kt-inside-inner-col,.kadence-column68_bf85a6-0b > .kt-inside-inner-col:before{border-top-left-radius:0px;border-top-right-radius:0px;border-bottom-right-radius:0px;border-bottom-left-radius:0px;}.kadence-column68_bf85a6-0b > .kt-inside-inner-col{column-gap:var(--global-kb-gap-sm, 1rem);}.kadence-column68_bf85a6-0b > .kt-inside-inner-col{flex-direction:column;}.kadence-column68_bf85a6-0b > .kt-inside-inner-col > .aligncenter{width:100%;}.kadence-column68_bf85a6-0b > .kt-inside-inner-col:before{opacity:0.3;}.kadence-column68_bf85a6-0b{position:relative;}@media all and (max-width: 1024px){.kadence-column68_bf85a6-0b > .kt-inside-inner-col{flex-direction:column;justify-content:center;}}@media all and (max-width: 767px){.kadence-column68_bf85a6-0b > .kt-inside-inner-col{flex-direction:column;justify-content:center;}}<\/style>\n<div class=\"wp-block-kadence-column kadence-column68_bf85a6-0b\"><div class=\"kt-inside-inner-col\"><\/div><\/div>\n\n<\/div><\/div>\n\n\n<h2 class=\"wp-block-heading\"><\/h2>\n\n\n\n<p><\/p>\n","protected":false},"excerpt":{"rendered":"<p>D\u00e9pannage par t\u00e9l\u00e9phone, visio et assistance \u00e0 distance Un probl\u00e8me technique ?On commence par un vrai diagnostic \u00e0 distance. D\u00e9posez [&hellip;]<\/p>\n","protected":false},"author":1,"featured_media":0,"parent":0,"menu_order":0,"comment_status":"closed","ping_status":"closed","template":"","meta":{"site-sidebar-layout":"default","site-content-layout":"","ast-site-content-layout":"default","site-content-style":"default","site-sidebar-style":"default","ast-global-header-display":"","ast-banner-title-visibility":"","ast-main-header-display":"","ast-hfb-above-header-display":"","ast-hfb-below-header-display":"","ast-hfb-mobile-header-display":"","site-post-title":"","ast-breadcrumbs-content":"","ast-featured-img":"","footer-sml-layout":"","ast-disable-related-posts":"","theme-transparent-header-meta":"","adv-header-id-meta":"","stick-header-meta":"","header-above-stick-meta":"","header-main-stick-meta":"","header-below-stick-meta":"","astra-migrate-meta-layouts":"default","ast-page-background-enabled":"default","ast-page-background-meta":{"desktop":{"background-color":"var(--ast-global-color-5)","background-image":"","background-repeat":"repeat","background-position":"center center","background-size":"auto","background-attachment":"scroll","background-type":"","background-media":"","overlay-type":"","overlay-color":"","overlay-opacity":"","overlay-gradient":""},"tablet":{"background-color":"","background-image":"","background-repeat":"repeat","background-position":"center center","background-size":"auto","background-attachment":"scroll","background-type":"","background-media":"","overlay-type":"","overlay-color":"","overlay-opacity":"","overlay-gradient":""},"mobile":{"background-color":"","background-image":"","background-repeat":"repeat","background-position":"center center","background-size":"auto","background-attachment":"scroll","background-type":"","background-media":"","overlay-type":"","overlay-color":"","overlay-opacity":"","overlay-gradient":""}},"ast-content-background-meta":{"desktop":{"background-color":"var(--ast-global-color-4)","background-image":"","background-repeat":"repeat","background-position":"center center","background-size":"auto","background-attachment":"scroll","background-type":"","background-media":"","overlay-type":"","overlay-color":"","overlay-opacity":"","overlay-gradient":""},"tablet":{"background-color":"var(--ast-global-color-4)","background-image":"","background-repeat":"repeat","background-position":"center center","background-size":"auto","background-attachment":"scroll","background-type":"","background-media":"","overlay-type":"","overlay-color":"","overlay-opacity":"","overlay-gradient":""},"mobile":{"background-color":"var(--ast-global-color-4)","background-image":"","background-repeat":"repeat","background-position":"center center","background-size":"auto","background-attachment":"scroll","background-type":"","background-media":"","overlay-type":"","overlay-color":"","overlay-opacity":"","overlay-gradient":""}},"footnotes":""},"class_list":["post-68","page","type-page","status-publish","hentry"],"jetpack_sharing_enabled":true,"featured_media_urls":[],"_links":{"self":[{"href":"https:\/\/sos-multiservices-vs.fr\/index.php\/wp-json\/wp\/v2\/pages\/68","targetHints":{"allow":["GET"]}}],"collection":[{"href":"https:\/\/sos-multiservices-vs.fr\/index.php\/wp-json\/wp\/v2\/pages"}],"about":[{"href":"https:\/\/sos-multiservices-vs.fr\/index.php\/wp-json\/wp\/v2\/types\/page"}],"author":[{"embeddable":true,"href":"https:\/\/sos-multiservices-vs.fr\/index.php\/wp-json\/wp\/v2\/users\/1"}],"replies":[{"embeddable":true,"href":"https:\/\/sos-multiservices-vs.fr\/index.php\/wp-json\/wp\/v2\/comments?post=68"}],"version-history":[{"count":3,"href":"https:\/\/sos-multiservices-vs.fr\/index.php\/wp-json\/wp\/v2\/pages\/68\/revisions"}],"predecessor-version":[{"id":71,"href":"https:\/\/sos-multiservices-vs.fr\/index.php\/wp-json\/wp\/v2\/pages\/68\/revisions\/71"}],"wp:attachment":[{"href":"https:\/\/sos-multiservices-vs.fr\/index.php\/wp-json\/wp\/v2\/media?parent=68"}],"curies":[{"name":"wp","href":"https:\/\/api.w.org\/{rel}","templated":true}]}}